(n) = -n**3 + 5*n**2 - 3*n + 3. Let z be g(4). Let x(l) be the second derivative of -l**5/20 + l**4/2 + 2*l**3/3 + 3*l**2 - 46*l + 2. Calculate x(z).
-15
Let u(m) be the first derivative of -m**3/3 + 3*m**2/2 + m + 950. Determine u(3).
1
Let a(o) be the first derivative of o**4/4 - o**3/3 - o**2/2 - o + 155. Let t = -2 - -2. Let x be 1 - t - (2 + -3). Determine a(x).
1
Let r(g) = -g - 3. Suppose 3 = -4*k + 15. Suppose -s + 26 = -k*p, -s = 5*p + 4*s + 10. Determine r(p).
4
Let m = -20 - -64. Suppose 42*c = m*c - 4. Suppose 5 = j + 3*a, c*j + 20 = 3*a + 3. Let s(b) = b**2 + 5*b + 2. Give s(j).
-2
Let s(a) = 11*a**2 + 2*a + 6. Let n(i) = -i**2 - 1. Let h(j) = -5*n(j) - s(j). Suppose -3 = -d - 4. What is h(d)?
-5
Let f(y) be the second derivative of y**8/6720 - y**7/420 + y**6/240 + y**5/24 - 11*y**4/12 + 7*y. Let m(h) be the third derivative of f(h). Determine m(5).
-5
Let d(s) = -3*s**2 - 17*s - 4 + 0*s + 10*s. Give d(-2).
-2
Let h = 0 + -6. Let y(a) = -a**3 - 3*a**2 + 15. Let g(f) = 9*f**3 + 30*f**2 - 5*f - 128. Let s(l) = -g(l) - 8*y(l). Calculate s(h).
-22
Let r = -1342 + 1340. Let i(k) = -2*k**2 + 4 - k - 6 + 0*k**2. Give i(r).
-8
Suppose 3*d + 3 = 0, -4*d = 2*j - 1 + 9. Let i be j/(-13) - 45/39. Let o(p) = 0 - 2*p + 0 + p - 1 - 5*p**2. Calculate o(i).
-5
Let x(j) = -j**2 + 5*j - 2. Let o be 12*(-1 - (-10)/8). Let v be (-92)/(-12) - (-1)/o. Let z be ((-3)/2)/((-3)/v). Give x(z).
2
Let t(q) = -2*q**2 - 18*q - 9. Let f(c) = -2*c**2 - 34*c - 17. Let u(w) = -3*f(w) + 5*t(w). Calculate u(4).
-10
Suppose 0 = 9*u - 11 - 7. Let p(i) = 2*i**u - 10*i**2 + 4*i + 4*i**2 + 5*i**2 - 1. Determine p(-2).
-5
Let t = -5643 + 11719. Let s(b) = -5*b**3 - 6076 + t - b + b**2. Calculate s(1).
-5
Let g be 24/16 + (-6)/(-4). Let a(l) = -5 - g*l + 10*l - 9*l. Give a(-4).
3
Suppose 2*d = -5*d + 126. Let w = -17 + d. Let n(x) = -5 + w - 3*x + x**2 + 1 + 6*x. What is n(-4)?
1
Let t(x) = -2*x + 57. Let o(k) = k - 30. Let d(p) = 5*o(p) + 3*t(p). What is d(13)?
8
Let l(t) = 5*t. Suppose -12*c - 326 = -326. What is l(c)?
0
Let v(n) be the second derivative of -n**5/20 - n**4/12 - n**3/3 - n**2/2 - 2*n - 4. Give v(-2).
7
Let x(m) = -3*m + 2. Let b(r) be the first derivative of -2*r**2 + 3*r + 2. Let d(a) = -4*b(a) + 5*x(a). What is d(4)?
2
Let v(o) = o**3 + 5*o**2 - 7*o - 6. Suppose -2*p - 7 + 1 = 0. Let y be (1 - (-7)/p)*36/8. Give v(y).
0
Let r(q) be the first derivative of 0*q**2 - 1/6*q**3 - 9 + 1/3*q**4 + 4*q. Let n(u) be the first derivative of r(u). Calculate n(1).
3
Let a be 10*-1*(-3 - -2). Let o = a - 6. Let l(b) = 3*b**2 - 323*b**3 + 2*b + 3*b + 1 + 2 + 322*b**3 + 0*b. Determine l(o).
7
Suppose -3*l = -8*l - 25. Let x(z) = z**2 - 2*z - 1. Let f(n) = -5*n**2 + 3*n. Let d(j) = f(j) + 4*x(j). Calculate d(l).
-4
Let o(l) be the third derivative of 0*l + l**2 + 1/4*l**4 + 4/3*l**3 + 0 - 1/60*l**5. What is o(7)?
1
Let j(q) be the first derivative of -q**2/2 + 1. Let d = 14 + -12. Suppose -i + 5*i = -k, -2*k + 10 = -d*i. Calculate j(i).
1
Let k(s) = -s**2 + 2*s - 5. Let a be (-13 - -1)*13/(-39). What is k(a)?
-13
Let r(o) be the third derivative of o**6/40 - o**5/60 - o**4/12 - o**3/6 - 51*o**2. Calculate r(2).
15
Let h(w) = w**2 + 12*w - 4. Suppose l - 4*t - 18 = -13, 3*l + 41 = -2*t. Give h(l).
-15
Let l(w) = 4*w**2 - w + 1. Let s(k) = k**3 - 19*k**2 + 9*k + 1. Let x(c) = -3*l(c) - s(c). Calculate x(5).
16
Let y be ((-1)/((-2)/(-5)))/((-2)/12). Let f(p) = y + 6 - 5 - p. What is f(8)?
8
Let c(j) = j - 4. Let n be 57/(-38)*(-24)/9. Calculate c(n).
0
Let z(d) be the first derivative of d**3/6 - 3*d**2/2 - 12*d + 6. Let q(a) be the first derivative of z(a). Let g = -3 + -1. Calculate q(g).
-7
Let n = -1 + 4. Let y(t) be the second derivative of -t**3/2 + 2*t**2 - t. Let c be y(n). Let d(g) = -g**3 - 4*g**2 + 7*g + 6. What is d(c)?
-4
Let u(m) be the second derivative of m**5/20 + 5*m**4/12 - m**3 + 2*m**2 + 53*m. Let l = -4 + -2. Calculate u(l).
4
Let w(d) = -12*d - 168. Let k be w(-14). Let f(s) = s - 2 - s**2 - 2 + 1. Give f(k).
-3
Let o be 7/4 + -6*5/(-120). Suppose o*t - 4 = -6. Let f(l) = l**3 + 2*l**2 + l. Calculate f(t).
0
Let d(u) be the second derivative of u**4/12 - 7*u**3/6 - 19*u**2/2 - 461*u. Give d(8).
-11
Let h = 78 - 79. Let n(a) = a**2 - 9*a - 15. Let g be n(12). Let o(u) = -9*u - 11*u**2 - 11*u + g*u. Calculate o(h).
-12
Let z(k) = -2*k**2 - 2*k + 5. Suppose -2*g - y - 10 = 0, g + 6 - 12 = 5*y. Determine z(g).
-19
Let c(m) = m**3 + 10*m**2 - 12*m - 14. Suppose 0 = -4*u + 12, 18*u - 13*u = 2*k + 37. Give c(k).
-3
Suppose -2*p + 16 - 10 = 0. Let u(h) be the first derivative of -h**3/3 + 3*h**2/2 + 2*h - 12. Give u(p).
2
Let w(r) be the third derivative of -r**6/120 + 3*r**5/20 + r**4/12 - 13*r**3/6 + 3*r**2. Suppose -64 - 440 = -56*i. Determine w(i).
5
Let q be 17*2/(8/4). Suppose -3*t = -q - 1. Let d(i) be the third derivative of -i**4/24 - i**3/2 - i**2. What is d(t)?
-9
Let x(u) = -u. Let j(i) be the second derivative of -i**4/12 - 4*i**3/3 + 3*i**2/2 + 2*i. Let t be j(-9). Determine x(t).
6
Let s(j) = -2*j - 5. Let n be ((-21)/(-28))/(4/(-16)). What is s(n)?
1
Let f(y) = y**2 - 6*y + 10. Let t be (-2)/4*(-2 - -2)/(-4). Suppose -12*a + 5*a + 49 = t. Calculate f(a).
17
Let i(p) = -p**2 - 3*p + 8. Let q(c) = c**2 + c - 3. Let t(a) = -2*i(a) - 6*q(a). Calculate t(-2).
-14
Let p(t) = -2*t**2 - 9*t - 8. Suppose -5*j + 0*i - 55 = 5*i, -3*j - 4*i = 38. Determine p(j).
-26
Suppose 0 = 2*n + 6, 4*n - 14 = -24*t + 22*t. Let w(f) = f**2 - 12*f - 13. What is w(t)?
0
Let f(m) = -21 + m + 27 - 18. Let u be 14 - 1/(-1)*2. Let h be f(u). Let i(l) = -l**2 + 3*l - 3. What is i(h)?
-7
Let p(s) be the first derivative of s**2/2 + s - 170. Give p(12).
13
Let d(l) = l**3 + 2*l**2 - 4*l - 2. Let p(u) = -2*u**2 - 16*u. Let s be p(-8). Suppose s = 32*v - 31*v + 3. Determine d(v).
1
Let l = 620 + -609. Let x(b) = b**3 - 10*b**2 - 12*b - 6. What is x(l)?
-17
Let n be ((-4)/(-6))/((-7)/(-42)). Let p(d) be the third derivative of 1/24*d**4 - 3/2*d**3 + n*d**2 + 0*d + 0. Give p(5).
-4
Let j(c) = -c + 1. Let x(u) = 4*u - 7. Let q(y) = -3*j(y) - x(y). Let o be q(5). Let b(n) = -n**2 + n. What is b(o)?
-2
Let u be -1*7/(14/(-8)). Suppose -u*i = -0*i + 5*p - 49, 4*i - 39 = -3*p. Let f(j) = j**3 - 5*j**2 - 8*j + 3. Give f(i).
-9
Let z be 2/(-8) - 1*(-100)/16. Let o(b) = 3*b - z*b + 7*b + 1. What is o(1)?
5
Let a(f) = 3*f + 7. Let u(m) = -m**2 + 5*m - 33. Let h be u(0). Let q = h + 28. Give a(q).
-8
Suppose 0 = 2*k - 5*k - 3*u - 30, 3*u = 2*k. Let h(o) be the third derivative of 1/24*o**4 + 0 + 3/2*o**3 + 2*o**2 + 0*o. Calculate h(k).
3
Let f(b) be the first derivative of -30 - 1/2*b**2 - b. What is f(-4)?
3
Suppose -4*i - 5*k = 13, 3*i - 17*k - 4 = -18*k. Let t(z) be the third derivative of z**4/24 + 3*z**2. Determine t(i).
3
Let t be 12/28 - 64/(-14). Let s(v) be the third derivative of -7*v**2 + 0*v - 1/6*v**3 + 0 - 1/24*v**4. Calculate s(t).
-6
Let y(o) be the first derivative of -o**3/3 + 7*o**2/2 + 2*o + 20. Calculate y(9).
-16
Let u(l) = 48*l**2 - 5*l + 11. Let a(b) = -4*b**2 + b - 2. Let d(p) = 5*a(p) + u(p). Determine d(-1).
29
Let n(a) = 5*a. Let o be (-5 + -1)*(-1 + -2). Let i = -14 + o. Suppose f + 3 = i*g + 5, 3*f = g + 6. Give n(f).
10
Let h(a) = a**3 + 9*a**2 - 11*a - 11. Let r = 69 - 54. Let t = r - 25. Determine h(t).
-1
Suppose 0 = o + 4*o - 10. Let w = -17 + 18. Let d(s) = w + s**2 + 2*s**2 - 2*s**2. What is d(o)?
5
Let w = 283 + -281. Let k(o) = -5*o**3 + 2*o**2 + 3*o - 3. Determine k(w).
-29
Suppose k - 16 = -4*x + 2*k, 3*k - 2 = 2*x. Suppose 5*b = -3*z + 2 - 13, -x*z = 4*b + 14. Let f(n) = 5*n. Give f(z).
-10
Suppose 3*r = -3*w, -5*w + 2*r = -r - 16. Let z(s) be the second derivative of s**5/20 + s**4/12 - s**3/3 - 789*s. Calculate z(w).
8
Let o = -7 - -1. Let y(i) be the second derivative of -i**3/2 - 9*i**2/2 - 73*i - 2. What is y(o)?
9
Let v(d) be the second derivative of 0*d**2 - 1/20*d**5 + 1/4*d**4 - 11*d + 0 + 1/2*d**3. Determine v(4).
-4
Let a(k) = 3*k - 4*k - 2*k**2 - 23 - 2*k + 64 - 39. Let l be -4 - (1 + (-2 - -1)). Give a(l).
-18
Let i(c) be the third derivative of -c**4/24 + 34*c**2 + c. What is i(3)?
-3
Let v(n) = -n**2 - 3*n. Suppose -145 - 39 = -4*k. Let h = k - 50. What is v(h)?
-4
Let k(d) = 2*d - 5. Let x(q) be the second derivative of -q**4/1